 - -2?
2a5a4
In base 14, what is -d423 - -27?
-d3da
In base 13, what is 16ba4 - 16?
16b8b
In base 2, what is -11011111 - 10001010?
-101101001
In base 8, what is -3504 + 642?
-2642
In base 12, what is 25 - 4607?
-45a2
In base 14, what is -10cc8 - -3?
-10cc5
In base 4, what is 11 + 1022300110?
1022300121
In base 15, what is -5 + 6d74?
6d6e
In base 7, what is -102100 + 1?
-102066
In base 5, what is -4 - -2234332?
2234323
In base 12, what is -1b + -645?
-664
In base 13, what is -2622 - -18?
-2607
In base 11, what is -5 - 9a34?
-9a39
In base 7, what is -123 - -15151?
15025
In base 11, what is -23 + 337a?
3357
In base 4, what is -3 + 10323232121?
10323232112
In base 16, what is -5 - -11b6a?
11b65
In base 12, what is 32732 + 3?
32735
In base 13, what is -2 - -114146?
114144
In base 14, what is -d4664 - -4?
-d4660
In base 16, what is -81 - af?
-130
In base 13, what is -3b65 + 44?
-3b21
In base 3, what is -11 + -2021022212?
-2021100000
In base 15, what is aa750 + 5?
aa755
In base 8, what is -5 + -142410?
-142415
In base 13, what is 112a - 32?
10c8
In base 4, what is -3200222 - 2013?
-3202301
In base 8, what is 10 + -244524?
-244514
In base 2, what is 111010111010111 + 10000?
111010111100111
In base 12, what is -3 - -32998?
32995
In base 7, what is 1644 - -26?
2003
In base 4, what is -111202313 + 0?
-111202313
In base 8, what is 122607 + -25?
122562
In base 13, what is -1c - 703?
-722
In base 6, what is 3 - 141405?
-141402
In base 6, what is 1550400 - -10?
1550410
In base 12, what is -80 + -1976?
-1a36
In base 13, what is 377 - 331?
46
In base 9, what is 4 + 117775?
117780
In base 11, what is 3 + 212853?
212856
In base 11, what is 118 - -a5?
212
In base 16, what is 16c6 + -2?
16c4
In base 16, what is 903d - 0?
903d
In base 13, what is 34 + -2967?
-2933
In base 3, what is 2202222 + -1001?
2201221
In base 14, what is 1047d + 5?
10484
In base 10, what is -23516 - 3?
-23519
In base 4, what is 30211120 - 2?
30211112
In base 4, what is -3 + 313310221?
313310212
In base 13, what is -9 - -511?
505
In base 13, what is -1 - -2a60a?
2a609
In base 11, what is -22 + 5494?
5472
In base 5, what is 100412234 - -3?
100412242
In base 15, what is 122 - -a5?
1c7
In base 15, what is -d3 - 2b03?
-2bd6
In base 14, what is -b525 - 1c?
-b543
In base 7, what is -130 + 50621?
50461
In base 12, what is -511 - -58?
-475
In base 16, what is 10f1d - -21?
10f3e
In base 13, what is 19 + -1508?
-14bc
In base 4, what is -200322232 - 1?
-200322233
In base 9, what is -75534 - -5?
-75528
In base 11, what is 5 - -16008?
16012
In base 13, what is -121b44 - 4?
-121b48
In base 9, what is -428 + -15?
-444
In base 16, what is -5 - -3582?
357d
In base 5, what is -2103 + 20022?
12414
In base 16, what is -4 - -32b32?
32b2e
In base 4, what is 11 - -12221313?
12221330
In base 2, what is -10011110010 + -11011001?
-10111001011
In base 12, what is -32 - -17916?
178a4
In base 13, what is -784 + 1?
-783
In base 6, what is 15 + 23?
42
In base 12, what is 5a2 + -a5?
4b9
In base 9, what is -38 + 1046?
1007
In base 12, what is -5 - 337880?
-337885
In base 15, what is 1 + 308e4?
308e5
In base 7, what is -5 - 1224541?
-1224546
In base 4, what is -2212 + -30230?
-33102
In base 14, what is 83 - 40d?
-36a
In base 5, what is -112343 + 3221?
-104122
In base 14, what is -2cca4 + -7?
-2ccab
In base 3, what is -1 - 102020020202?
-102020020210
In base 7, what is -502551 - 5?
-502556
In base 10, what is -87 - -262?
175
In base 11, what is 36 + -44a63?
-44a28
In base 2, what is -1110 - 100011101001000?
-100011101010110
In base 7, what is -12012201 + 2?
-12012166
In base 7, what is -5 + -514520?
-514525
In base 4, what is -10 + 30312021?
30312011
In base 9, what is -202462 + -4?
-202466
In base 11, what is -537380 + 2?
-537379
In base 12, what is 963 + 18?
97b
In base 2, what is 100001111000101100 - 10?
100001111000101010
In base 12, what is 4589b + a?
458a9
In base 10, what is -5 - 44121?
-44126
In base 14, what is -ac2 - 328?
-100a
In base 7, what is 155012 - 0?
155012
In base 14, what is -2 + 269c?
269a
In base 7, what is 4 - 213663?
-213656
In base 7, what is -14 - 2625?
-2642
In base 16, what is 3 - 127e2?
-127df
In base 14, what is -57 - -171c5?
1716c
In base 9, what is -8 + -161838?
-161847
In base 16, what is -aa + -1d?
-c7
In base 3, what is -10101121 + 101?
-10101020
In base 2, what is -1011011 - -1010000100010?
1001111000111
In base 9, what is -24556 + 20?
-24536
In base 14, what is -1 + 180?
17d
In base 9, what is 104 - 704?
-600
In base 3, what is -1121102100 - 202?
-1121110002
In base 7, what is 333 - -102111?
102444
In base 12, what is 5 + -5053b?
-50536
In base 6, what is -334433441 - -3?
-334433434
In base 15, what is 4 - 7091?
-708c
In base 9, what is 3733 + -11?
3722
In base 2, what is 1111 + 10001000110010100?
10001000110100011
In base 15, what is 1c50 + 7d?
1ccd
In base 14, what is -8 - 3db?
-405
In base 15, what is b - -b1e?
b2a
In base 8, what is -11 - -37414?
37403
In base 11, what is 5 + -4009?
-4004
In base 14, what is -1b363 + 33?
-1b330
In base 8, what is -140 - 7113?
-7253
In base 5, what is -2 - 44130014?
-44130021
In base 15, what is -e - -37d0?
37c1
In base 15, what is -7 + -3339?
-3341
In base 14, what is -7 - 9540?
-9547
In base 4, what is 3002123 + 31?
3002220
In base 8, what is -5653053 - 0?
-5653053
In base 3, what is -2010 + 202022?
200012
In base 5, what is 43130 - 20?
43110
In base 2, what is -10101001110010 - -10011?
-10101001011111
In base 10, what is 2 - -59739?
59741
In base 4, what is 101013 - -320?
101333
In base 11, what is -150 + 9a2?
852
In base 2, what is -1001000 - 100110110011?
-100111111011
In base 6, what is -311 - -1005?
254
In base 9, what is -61202 - -11?
-61181
In base 15, what is e - -a5e?
a6d
In base 12, what is 5 + 3b57?
3b60
In base 2, what is 1000011100011 + 101?
1000011101000
In base 2, what is -101001010 + 1111111?
-11001011
In base 11, what is 29 + a833?
a861
In base 2, what is 101011010011000 + -11?
101011010010101
In base 12, what is 5 + -17998?
-17993
In base 13, what is -22 + -954c?
-9571
In base 7, what is 0 + -13465?
-13465
In base 9, what is 14 + -31723?
-31708
In base 5, what is 12 - 411030?
-411013
In base 6, what is 512211112 - 0?
512211112
In base 8, what is 3 + 23040?
23043
In base 11, what is -4 + -86962?
-86966
In base 4, what is -2102112012 + 11?
-2102112001
In base 15, what is -11 - -1c7da?
1c7c9
In base 5, what is 0 - -212301302?
212301302
In base 14, what is 36 + 1db?
233
In base 11, what is 4 + -1205?
-1201
In base 14, what is -27c - c78?
-1116
In base 2, what is 100101 + -1111010111101?
-1111010011000
In base 2, what is 110001010010100011 - -10?
110001010010100101
In base 8, what is 3357 + -55?
3302
In base 5, what is -323222 + -13?
-323240
In base 14, what is -57b + -16?
-593
In base 6, what is 1154 + 15135?
20333
In base 8, what is 7 + 1721060?
1721067
In base 10, what is -4 - -112811?
112807
In base 2, what is -11 - 100001010000111011?
-100001010000111110
In base 2, what is 111110010 + -100000111?
11101011
In base 13, what is -34 + 65?
31
In base 10, what is 5 - 25021?
-25016
In base 14, what is 1359c + -1?
1359b
In base 11, what is -25 + 26402?
26388
In base 7, what is -431333 - -2?
-431331
In base 6, what is 11542014 - -2?
11542020
In base 7, what is -53 + -25234?
-25320
In base 8, what is 47321 - 5?
47314
In base 10, what is 116 - -17?
133
In base 7, what is 1236543 + 42?
1236615
In base 13, what is -8 + 84?
79
In base 3, what is 1001011112 - -2?
1001011121
In base 11, what is 7134 - -6?
713a
In base 14, what is 2 - -4116?
4118
In base 2, what is -1101 + 10011010110001?
10011010100100
In base 16, what is 1f9 - -ca2?
e9b
In base 7, what is 25201 + 46?
25250
In base 4, what is 2321313031 + 10?
2321313101
In base 2, what is -1010101 - -100011000?
11000011
In base 12, what is -2808a1 + -4?
-2808a5
In base 13, what is 37 + 358?
392
In base 4, what is -2 - -202233221?
202233213
In base 14, what is 32 - -341?
373
In base 12, what is 695 + 114?
7a9
In base 12, what is 2 - -2688a?
26890
In base 10, what is -263 - -52?
-211
In base 3, what is -1111 - -101110101?
101101220
In base 4, what is 0 + 2231320?
2231320
In base 15, what is 1d69 - 47?
1d22
In base 2, what is -1011101001110 - 1?
-1011101001111
In base 7, what is 5 - -662166?
662204
